{"id":2,"date":"2010-06-04T19:16:02","date_gmt":"2010-06-04T17:16:02","guid":{"rendered":"http:\/\/alpeblik.dk\/grillkylling\/?page_id=2"},"modified":"2018-06-23T13:35:08","modified_gmt":"2018-06-23T11:35:08","slug":"om","status":"publish","type":"page","link":"https:\/\/alpeblik.dk\/grillkylling\/om\/","title":{"rendered":"Hva&#8217; for en kylling?"},"content":{"rendered":"<p>Her regerer <a href=\"http:\/\/madshugopedersen.com\" target=\"_blank\" rel=\"noopener noreferrer\"><em>Mads<\/em><\/a> og <a href=\"http:\/\/alpeblik.dk\" target=\"_blank\" rel=\"noopener noreferrer\"><em>Mette<\/em><\/a> &#8211; vi er glade for mad&#8230; eller, det er m\u00e5ske en underdrivelse, lad os bare sige at vi lever for at spise og ikke omvendt&#8230; \ud83d\ude09<\/p>\n<p>Vi kan is\u00e6r godt lide at grille og samtidig kan vi godt lide at eksperimentere og pr\u00f8ve nyt, derfor f\u00e5r man samlet sig lidt grej med tiden. Hvis grejet ikke lige findes, s\u00e5 eksperimenterer vi indtil vi finder en l\u00f8sning.<\/p>\n<p>P\u00e5 denne blog vil vi fort\u00e6lle lidt om vores eksperimenter b\u00e5de ved grillen og i k\u00f8kkenet \ud83d\ude09<\/p>\n<p>Vi bor i Wolfersdorf der ligger i Bayern, i et 2 familiers hus hvor vi har den \u00f8verste etage, dertil h\u00f8rer en lille altan og den bliver udnyttet fuldt ud.<\/p>\n<p>Vi har indrettet os med et par stole og et lille bord, da vi hellere vil bruge pladsen p\u00e5 grill end spiseplads \ud83d\ude42<\/p>\n<p><img loading=\"lazy\" decoding=\"async\" class=\"alignnone size-full wp-image-3650\" src=\"http:\/\/alpeblik.dk\/grillkylling\/wp-content\/uploads\/2018\/04\/20180428-134005-ADP.jpg\" alt=\"\" width=\"575\" height=\"384\" srcset=\"https:\/\/alpeblik.dk\/grillkylling\/wp-content\/uploads\/2018\/04\/20180428-134005-ADP.jpg 575w, https:\/\/alpeblik.dk\/grillkylling\/wp-content\/uploads\/2018\/04\/20180428-134005-ADP-300x200.jpg 300w\" sizes=\"auto, (max-width: 575px) 100vw, 575px\" \/><\/p>\n<p>I den ene side har vi vores Weber Mastertouch, vores nye (for\u00e5r 18) Big Green Egg og den lille Eva Solo&#8230;<\/p>\n<p><img loading=\"lazy\" decoding=\"async\" class=\"alignnone size-full wp-image-3652\" src=\"http:\/\/alpeblik.dk\/grillkylling\/wp-content\/uploads\/2018\/04\/20180428-134211-ADP.jpg\" alt=\"\" width=\"575\" height=\"384\" srcset=\"https:\/\/alpeblik.dk\/grillkylling\/wp-content\/uploads\/2018\/04\/20180428-134211-ADP.jpg 575w, https:\/\/alpeblik.dk\/grillkylling\/wp-content\/uploads\/2018\/04\/20180428-134211-ADP-300x200.jpg 300w\" sizes=\"auto, (max-width: 575px) 100vw, 575px\" \/><\/p>\n<p>I den anden side har vi et lille hyggehj\u00f8rne \ud83d\ude42<\/p>\n","protected":false},"excerpt":{"rendered":"<p>Her regerer Mads og Mette &#8211; vi er glade for mad&#8230; eller, det er m\u00e5ske en underdrivelse, lad os bare sige at vi lever for at spise og ikke omvendt&#8230; \ud83d\ude09 Vi kan is\u00e6r godt lide at grille og samtidig kan vi godt lide at eksperimentere og pr\u00f8ve nyt, derfor f\u00e5r man samlet sig lidt&hellip;<\/p>\n","protected":false},"author":6,"featured_media":0,"parent":0,"menu_order":0,"comment_status":"open","ping_status":"open","template":"","meta":{"footnotes":""},"class_list":["post-2","page","type-page","status-publish","hentry"],"_links":{"self":[{"href":"https:\/\/alpeblik.dk\/grillkylling\/wp-json\/wp\/v2\/pages\/2","targetHints":{"allow":["GET"]}}],"collection":[{"href":"https:\/\/alpeblik.dk\/grillkylling\/wp-json\/wp\/v2\/pages"}],"about":[{"href":"https:\/\/alpeblik.dk\/grillkylling\/wp-json\/wp\/v2\/types\/page"}],"author":[{"embeddable":true,"href":"https:\/\/alpeblik.dk\/grillkylling\/wp-json\/wp\/v2\/users\/6"}],"replies":[{"embeddable":true,"href":"https:\/\/alpeblik.dk\/grillkylling\/wp-json\/wp\/v2\/comments?post=2"}],"version-history":[{"count":31,"href":"https:\/\/alpeblik.dk\/grillkylling\/wp-json\/wp\/v2\/pages\/2\/revisions"}],"predecessor-version":[{"id":3857,"href":"https:\/\/alpeblik.dk\/grillkylling\/wp-json\/wp\/v2\/pages\/2\/revisions\/3857"}],"wp:attachment":[{"href":"https:\/\/alpeblik.dk\/grillkylling\/wp-json\/wp\/v2\/media?parent=2"}],"curies":[{"name":"wp","href":"https:\/\/api.w.org\/{rel}","templated":true}]}}